t common factor of v and b.
13
Let q(i) = -i + 1. Let y be q(-1). Suppose y*u + 0 - 10 = 0, -21 = -t - 2*u. What is the greatest common factor of t and 11?
11
Let f be 6/(-27) - 492/(-27). Let y(z) = 9*z**2 + 4*z + 2. Let o be y(4). Calculate the greatest common divisor of o and f.
18
Let n(a) = a**3 - 12*a**2 + a - 10. Let j be n(12). Suppose 5*z - 9 = 2*z. What is the highest common factor of z and j?
1
Suppose 0*l = -2*l + 12. Let i(v) = -v**3 + 5*v**2 + 7*v + 7. Let s be i(l). Suppose -2*a = 4 - 108. Calculate the greatest common divisor of s and a.
13
Let m(q) = q**2 + 4*q - 9. Suppose -5*n = 3*g - 4*g - 16, 3*g - 32 = -n. Let y be m(g). Suppose 0 = 2*x - 15 - 9. What is the highest common divisor of x and y?
12
Let a be (-1*9)/((-1)/1). Let k be 6/a*117/6. Calculate the greatest common factor of 26 and k.
13
Let n(a) = -a**3 + 7*a**2 + 7*a + 7. Let p be n(8). Let y be 22 + p - (0 + -1). Suppose 5*q - 6 = 4. Calculate the greatest common factor of q and y.
2
Let b = -13 + 21. Suppose 5 = 3*w + i, b = 2*w + i + 2*i. Let u(a) = a**2 + 7*a + 7. Let r be u(-6). Calculate the highest common factor of r and w.
1
Let b be 8/(-3)*9/(-2). Let y = -5 + b. Calculate the highest common factor of 21 and y.
7
Let c be (-6)/(-8)*(-16)/(-2). Suppose -5 = -w - b, -b - 7 = -2*w - 3*w. Suppose w*u = 7*u - 270. What is the highest common factor of u and c?
6
Let a = -1 + 133. Let r = a - 90. Calculate the greatest common divisor of 6 and r.
6
Suppose 3*b - 5*s - 83 = -0*b, -77 = -2*b - s. What is the greatest common factor of 90 and b?
18
Let l(d) = -d**3 - 2*d**2 - 5*d + 3. Let v be l(-4). Suppose 8*m + 0 = 40. What is the greatest common factor of m and v?
5
Suppose -3*b + 4*n = 5, -3*b + b = -2*n + 2. Let p be ((-12)/b)/(4/(-4)). What is the greatest common factor of p and 4?
4
Suppose -5 = 2*h - 19. Suppose 2*s + 2*v - 30 = -v, -s + 3*v + 24 = 0. Let z = -4 + s. What is the highest common factor of h and z?
7
Let z be 20*(2 - 5/4). Let m = 6 + -4. Suppose s - 20 = -0*u - m*u, 4*u - 5*s = 40. Calculate the greatest common factor of z and u.
5
Let t(l) = -4*l - 6. Let z be t(-4). Calculate the highest common factor of z and 80.
10
Let l = 1 + 99. Calculate the greatest common factor of l and 250.
50
Let i(d) = -164*d**3 - d + 1. Let z be i(1). Let l be 3/(2/z*3). Let v = 127 + l. Calculate the highest common factor of 9 and v.
9
Let a be -6*(2 - 135/10). Calculate the greatest common factor of 46 and a.
23
Suppose 324 + 600 = 11*v. Calculate the greatest common divisor of 12 and v.
12
Let n be ((-3)/(-2))/(45/300). What is the greatest common divisor of 4 and n?
2
Suppose 5*u = u. Let v be (1 - u) + -6 - 0. Let w be (-2 - v) + -2 - -2. Calculate the greatest common factor of 3 and w.
3
Suppose 148 = 8*n - 356. Calculate the highest common divisor of 7 and n.
7
Let l be (-94)/(-3) - (-144)/216. Let k(z) = 3*z**2 + 4*z - 7. Let a be (-5)/(-1*(-1 - 0)). Let j be k(a). What is the greatest common factor of j and l?
16
Let q = 34 + -1. What is the greatest common divisor of 44 and q?
11
Let t(b) = 44*b**2 + 2*b - 1. Let h be t(1). Calculate the greatest common factor of h and 15.
15
Let n be (7/3)/(1/9). Calculate the greatest common factor of 42 and n.
21
Suppose -2*o + 6 = -u, 4*o + 8*u - 3*u = 12. What is the highest common factor of 12 and o?
3
Let v = -1 + 2. Let r be 11*v - (-5 + 6). Calculate the highest common factor of r and 5.
5
Suppose -2*v = 3*a + v - 21, 5*v = 4*a - 1. Let b(f) = 5 - 2*f + 2*f + 2*f. Let r be b(a). Calculate the greatest common divisor of 117 and r.
13
Suppose 4*b - 1288 = -5*l, b = 2*l + 6*b - 505. Calculate the highest common divisor of 20 and l.
20
Let s(l) = -2*l**3 + 53*l**2 - 10*l - 64. Let h be s(26). What is the highest common divisor of 11 and h?
11
Suppose 1 + 4 = -v, -5*v = 5*m - 75. Suppose -2*z + 0 - 16 = 0. Let n be 14/4 + (-4)/z. Calculate the greatest common factor of n and m.
4
Suppose 3*c - 130 = -4. Calculate the highest common factor of 21 and c.
21
Let t = 10 + -29. Let c = 1 - t. What is the greatest common factor of c and 10?
10
Suppose y = 6*y + 305. Let w = 23 - y. Calculate the greatest common factor of 12 and w.
12
Suppose 12 = 2*u - 5*m, 2*u + 2*m - 3 - 9 = 0. Suppose 16 = -4*f + 32. Calculate the highest common factor of f and u.
2
Let u = 40 + -7. Let o = 5 + -2. Suppose g - 4*l = -0*l - 9, 2*g + o = 3*l. Calculate the greatest common divisor of u and g.
3
Suppose -7 = -3*o + 14. What is the greatest common factor of o and 21?
7
Let i be 273/(-11) + 4/(-22). Suppose 160 = -5*p + p. Let m = i - p. What is the greatest common divisor of m and 120?
15
Let d(l) = 29*l**3 + 2*l**2 + l - 2. Let c be d(1). What is the highest common divisor of c and 240?
30
Let d(c) be the third derivative of -c**5/60 + c**4/4 - c**3 - 5*c**2. Let q be d(4). Calculate the highest common divisor of 14 and q.
2
Let j = -2 - -4. Let o(i) = 35*i - 5. Let r be o(j). Calculate the highest common divisor of r and 13.
13
Suppose t = 4*t - 2*g - 18, -4*g - 12 = -3*t. What is the greatest common factor of 24 and t?
8
Let m be 2/3*(0 + 3). Let p be ((-85)/10)/((-1)/m). Calculate the highest common factor of 17 and p.
17
Suppose 2*t - 5*t + 3 = 0. Let n be (t - 61)/(20/(-30)). Calculate the highest common factor of 10 and n.
10
Suppose 2*n = -n + 36. Let y(k) be the first derivative of -k**2 - 8*k + 1. Let t be y(-6). Calculate the greatest common factor of t and n.
4
Let i be -2 + 12/10 + 852/15. Calculate the highest common divisor of i and 42.
14
Let d(k) = k + 25. Let l be d(-17). Suppose 4*h + 0*h = 96. Calculate the highest common divisor of h and l.
8
Suppose -2*t - 2352 = -16*t. What is the highest common divisor of 24 and t?
24
Suppose -3*c = -5*u + 55, -4*u + 44 + 0 = -5*c. Suppose -3*j + 231 = -0*j. What is the highest common factor of j and u?
11
Suppose -8*d + 16 = -4*d. Suppose 6 = -2*i, a + d*i - 27 = 5. Suppose -25 = -5*s - 5*q - 5, -3*s + 4*q + 12 = 0. What is the greatest common divisor of a and s?
4
Let l(n) = 3*n**2 - 10*n - 25. Let u(w) = -w**2 + 3*w + 8. Let m(p) = -2*l(p) - 7*u(p). Let a be m(-4). What is the greatest common factor of 98 and a?
14
Suppose 0 = -r - 0*r + 4. Let d = 26 + -22. What is the highest common divisor of d and r?
4
Let j(q) be the first derivative of q**4/4 + 5*q**3/3 - q**2/2 - 5*q + 1. Let v be j(-4). Let b = 0 + v. Calculate the greatest common factor of 45 and b.
15
Suppose 0*b + 2*b - 46 = 0. Let o be (3/(-2))/(2/(-8)). Suppose b = k + i + o, i - 32 = -2*k. What is the highest common divisor of 135 and k?
15
Suppose 4*w + 3*w = 119. Suppose -7*u - w = -8*u. What is the highest common divisor of u and 102?
17
Let v = -36 - -72. Let o = v - 25. Calculate the greatest common factor of 77 and o.
11
Suppose -4*t + 5*y + 38 = 0, 0 = 3*t - t - 5*y - 24. Let v = -13 + 26. Let o = v - t. What is the greatest common divisor of o and 9?
3
Let c = -73 - -88. Calculate the highest common divisor of c and 210.
15
Let t(h) = -14*h**3 - 2*h + 1. Let r be t(-2). Let l be (13/5)/((-4)/(-20)). Calculate the highest common divisor of r and l.
13
Let r = -49 + 133. What is the highest common factor of 24 and r?
12
Let t be 168/72 - 2/6. Let p be 3*1 - (-2 + 3). Let d be (6 - -1) + 1 - p. What is the highest common divisor of d and t?
2
Let o = -171 + 91. Let m be (-4)/10 - 1392/o. Calculate the highest common factor of m and 17.
17
Let b be -2 - (2 - (0 + 2) - 128). Calculate the greatest common divisor of b and 18.
18
Let s(u) = -3*u + 1. Let y be s(-1). Suppose 5*v - y*v = -6. Let j = v - -9. What is the greatest common divisor of j and 33?
3
Let h(b) = b**2 + b - 3. Let k be h(-4). Let g(s) = 9*s**2 - s - 6. Let p be g(3). Calculate the greatest common divisor of p and k.
9
Let y(z) = 19*z**2 + 1. Let j be y(1). Calculate the greatest common factor of 80 and j.
20
Let w = 16 + -4. Let g(v) = v**2 - 39*v + 302. Let n be g(34). What is the greatest common factor of w and n?
12
Let g = 425 - 290. Calculate the highest common divisor of g and 15.
15
Let q(z) = 22*z. Let x be (-6)/(-2) + -2 + 0. Let i be q(x). Calculate the highest common factor of i and 2.
2
Suppose -3*y = -20 - 4. Suppose -3*j + 757 = -5*z, 2*z - 3*z - 147 = -5*j. Let m be (-2)/(-5) - z/20. Calculate the highest common factor of m and 